9)) + (2 + -4 - 3)
25
What is the value of (3 - (7 + (12 - 21))) + (-12 - 0)?
-7
Calculate 2 + (2 - -1) + -1 + 1.
5
(625 - 630) + (11 - 1)
5
What is the value of 32 - (-33 + 30) - 16?
19
What is 6 + (24 - 29 - (-2 - -7 - 2))?
-2
What is the value of -36 - ((18 - 22) + -53)?
21
What is the value of (-4 - -6) + (5 - -1) + (-1 - -31)?
38
What is 1 - -4 - (-95 - -60 - -30)?
10
What is the value of 4 - -2 - (-12 + (18 - (19 + -9)))?
10
What is -7 - (-6 + (-4 - 1) - -7)?
-3
What is -7 + (6 - -4 - (5 + 9))?
-11
-34 - (-16 - 0) - (18 + -19)
-17
Evaluate -11 + 9 + 0 + (-11 - -6).
-7
What is the value of -63 + 30 - -17 - (-2 - 2)?
-12
What is -22 + (11 - 8) + (50 - -8)?
39
Evaluate 6 + -41 + 6 + 5 - (-6 + 0).
-18
Evaluate 25 - (-12 + (-12 - -66)).
-17
0 - ((8 - 6 - (5 + -3)) + -10)
10
9 + (-12 - -3) + 7 - 4
3
Evaluate (17 + -33 - -16) + -28.
-28
What is 13 + (0 - -1) - (18 + 5 - 32)?
23
12 + 0 - 10 - (-5 - -7 - 13)
13
What is (-21 - 2) + (5 - (41 + -46))?
-13
What is the value of (3 - (-17 + 16)) + (-6 - -1)?
-1
What is the value of (-1 + 1 - (-4 - -8)) + 34 + -41?
-11
-6 + 9 + (-2 - -9)
10
18 - (7 - ((3 - -6) + -11))
9
-31 + (47 - (41 - 22))
-3
What is the value of 3 - (-3 + -1 + (-3 - -10)) - 5?
-5
-5 + -3 + 2 - (13 - 11 - 15)
7
What is the value of 7 - (-7 - (-6 - -2))?
10
What is 152 - 142 - (5 + -3)?
8
What is -17 + -7 + 29 + -11 + -1?
-7
Calculate (1 - -8) + 12 + -18 + 5.
8
Calculate 165 + -207 - (-11 + -1).
-30
What is 11 - 3 - 4 - (1 + -12)?
15
Calculate 15 + (7 - 11 - -6) + (13 - 20).
10
Calculate 0 + 2 + -1 + 17 + 4 + -12.
10
What is the value of 37 + (25 - 18) - 22?
22
What is the value of -6 - (43 - (76 + -33))?
-6
What is -48 + 45 + -6 - (3 + -2)?
-10
What is the value of -17 - ((9 - 54) + 18)?
10
-9 + 14 + (1 - -1) + 1 + -27
-19
Evaluate -5 + (4 - 6) + (3 + -3 - -2).
-5
Evaluate -6 - (-14 - (19 - 12)).
15
Evaluate -16 - (-14 + 6 + -14) - -8.
14
Calculate -17 + (-1 - 1) + (-77 - -72) - 0.
-24
Calculate -27 - (-6 + 19 - 18).
-22
What is the value of -97 - -109 - (6 + -1)?
7
What is (20 - -6 - 17) + -1?
8
What is (-23 + 22 - (-2 - -4)) + 16 + 5?
18
Evaluate (8 - 0 - 2) + -9.
-3
What is the value of 10 + -17 + -7 + 23 - (43 + -1)?
-33
What is 5 + (4 - (6 - -3)) + (2 - -2)?
4
What is the value of (-31 - (-25 - -8)) + 14?
0
What is -11 + 1 - (10 - (8 - -35))?
23
What is -3 + -2 + -1 - 12 - -6?
-12
(16 - (5 + 3 + -5)) + 0 + 5
18
Evaluate 1 - 1 - (2 + -14 - (28 - 41)).
-1
What is -26 + (29 + -1 - 1)?
1
What is 7 - (-7 + 9 + -1 + -9)?
15
Evaluate 1 + 1 + 4 + (37 - 42).
1
Calculate 4 - 2 - (-9 - -3) - (-296 + 300).
4
What is the value of 4 + -13 + 15 + 4?
10
What is the value of 0 + -17 - (99 - (87 + 11))?
-18
What is (-12 - 0) + 51 + -45?
-6
Evaluate -4 - (57 + -64 + 11 + 1).
-9
Evaluate (-23 - -1) + (-175 - -187).
-10
Calculate -10 - -22 - (11 + (-10 - 3)).
14
Calculate (0 - 0 - 2) + 6 - 5.
-1
(7 - 10) + -70 + 64
-9
12 - 1 - (-6 + 15)
2
Calculate (-14 - -1) + (2 - -5 - (10 + -7)).
-9
Evaluate -6 - (1 + -5) - (3 - 11).
6
Calculate 21 + -33 + (4 - 7) + -3 - -11.
-7
What is 0 + -15 + -216 + 234?
3
What is the value of (-1 - 31) + -2 - (-2026 + 2018)?
-26
(18 - 2) + -17 + 26
25
Calculate (5 - ((-14 - -5) + 19)) + 9.
4
Evaluate -8 + (26 - 13 - 14).
-9
Evaluate (3 + 13 - -22) + -22.
16
Evaluate -28 - (-37 + (23 - 5)).
-9
Calculate (218 - 206) + 0 + -10 - -4.
6
Calculate -13 - (-5 + 7) - -7.
-8
What is 7 - ((7 - (1 + -1)) + 5) - -23?
18
What is the value of 93 + -89 - (3 - (15 + -2))?
14
Evaluate -120 + 114 - (-7 + (0 - 1)) - 12.
-10
What is 5 - (19 - -12) - -9?
-17
Calculate (-15 - -12) + 0 - -12.
9
-9 + (9 - (2 - -1)) + (-83 - -84)
-2
Calculate 0 + -10 + (-58 - -31) + 29.
-8
Calculate 4 + 5 + (-11 - -16) + -17.
-3
What is 5 - ((13 - 23) + 10 - (-7 + 0))?
-2
Calculate -7 + 27 + (-41 - -27).
6
Evaluate (9 + (-13 - 5) - (-5 + -2)) + 20.
18
Evaluate -10 - -1 - (4 + -4 - -1 - 0).
-10
What is the value of 54 - (57 - 33) - 10?
20
What is the value of -24 - (275 + -293 + 3 + 0)?
-9
12 + (-34 - -14 - -9)
1
Evaluate 13 - 3 - (-133 - -164).
-21
Evaluate 3 - 0 - (-36 + 49 + 1).
-11
-33 - (-2 - (-38 - -33))
-36
Calculate 15 - (-7 + 15) - 6.
1
What is the value of 14 - ((10 - -7) + -2)?
-1
Evaluate 3 + 0 + -10 + (-120 - -112).
-15
Evaluate (-44 - 0) + 44 - -32.
32
Calculate -8 + 0 - (-23 - -16).
-1
-2 + -4 + 38 + -1 + -323 + 308
16
Evaluate 28 + 6 + -65 - -46.
15
(-2 + (4 - 7) - (-9 + 11)) + -1
-8
-11 + -5 + (160 - 142)
2
What is the value of -2 + -22 - (147 - 155)?
-16
What is the value of -25 + (41 - 30) + 13?
-1
Calculate (-1 - 3) + -7 + 2 + 7.
-2
What is the value of 8 + (0 - 12 - (-3 - 1))?
0
What is (-1 - 1 - 10) + 16?
4
Calculate (-1 - -43 - -2) + -77 + 63.
30
What is 20 - -14 - 21 - 17?
-4
Calculate -321 - -380 - (34 - 1).
26
What is (23 - (1 + 1)) + (-21 - -25) + -14?
11
What is 6 + (5 - (4 + -9 + -1 + 3))?
14
Evaluate (-191 - -156) + (3 - -69).
37
What is the value of -1 + (-48 - -18 - -46)?
15
What is (-3 - (5 + -4 - 12 - -1)) + -16?
-9
Evaluate -178 + 174 - (6 - 50).
40
Evaluate -6 + (-7 - (-12 - -6)).
-7
9 + -3 + -7 + -1 + 2 - -3
3
Calculate -177 + 161 - (0 + -19).
3
Evaluate -2 + (-4 + 14 - (-1 + 5 - 6)).
10
What is the value of (-3 - -11) + 13 + -10 + -19 - 0?
-8
Evaluate 0 - 5 - (18 - 2 - 5 - 2).
-14
What is the value of 0 + -15 + 5 + 8 + -1?
-3
(-2 - -8) + (-7 - -9 - (4 + 0))
4
What is the value of -4 - 3 - (1 - 4)?
-4
(-8 - -2) + (1 - (-10 + 7))
-2
Calculate (-23 - 5) + -13 + 32.
-9
What is the value of (53 - 59) + (-2 - -13)?
5
Evaluate 1 - (16 - 8) - (-14 + -4 - -4).
7
What is -25 - (-4 - 24) - 12?
-9
Evaluate -2 + 3 + -2 + (11 - (-14 + 20)).
4
Evaluate (-3 - 3) + (2 + -15 - (97 + -90)).
-26
Evaluate (-7 + 2 - 0) + -37 + 53.
11
Calculate 0 + 1 + (-41 - (-28 - 5)).
-7
What is 34 - 28 - (-8 - -37 - 0 - 7)?
-16
Calculate 7 + (1 + -6 - 6).
-4
What is -45 - (24 - 109 - -18)?
22
What is the value of 15 - (-1 + 36 + (66 - 81))?
-5
Calculate -16 - -3 - (-1 + -17 + 0).
5
(10 - 1) + 1 - (-464 + 459)
15
Calculate -20 - (2 + -2) - (-21 - -17 - -2).
-18
-55 + 35 + 16 + -22
-26
What is (5 - (-9 + 3) - 5) + -1 + 2?
7
Evaluate -6 + 12 + -6 + 3 + 11.
14
41 + -39 + -11 + 20
11
Calculate 25 - 1 - (-17 + (3 - -8)).
30
Evaluate (-5 - 2) + 16 - (-13 - -19).
3
What is the value of (3 - (30 + 10)) + 27?
-10
6 + -5 + -10 + 13 + -1
3
What is the value of 2 + 0 + 8 + -1 - 9?
0
What is (-18 - -4) + -42 + 35?
-21
What is the value of (1 - -18) + (-53 - -42)?
8
Calculate (-64 - -41) + 11 + 5.
-7
Evaluate -2 - -35 - (2 + -42 + 52).
21
Evaluate -4 + (22 - (-64 - -62 - (-2 + 1))).
19
Evaluate -6 + -1 + -4 + 6 + 0 + -2.
-7
35 - (-3 - -53 - 16)
1
What is -15 - (-6 + (-7 - -1) + 12)?
-15
What is -19 + 24 + 10 + -2?
13
What is the value of -6 - (18 + -39 - -9) - (-1 - -1)?
6
-12 - -7 - (3 - 7)
-1
Calculate -2 + 8 - ((21 - -9 - -12) + -13).
-23
What is the value of (2 - (-4 - -2)) + -63 + (-6 - -58)?
-7
What is 15 - (4 + -4 + 6)?
9
What is the value of -26 - (-12 - -6 - 12)?
-8
Calculate 2 + 4 + -1 - (-34 - -42).
-3
What is the value of (-4 + 4 + 10 + -13 - -4) + -1?
0
What is the value of -182 + 164 - (-16 - 2)?
0
-6 - -1 - (-4 + 1)
-2
What is 3 - (-34 + 17 + (2 + 4 - -1))?
13
Evaluate -2 + 1 + -7 + 19 + -4.
7
Calculate 29 - ((2 - -9) + 11).
7
Calculate (0 - 8) + -11 + (12 - 6) + 4.
-9
Evaluate 7 - (-6 + -6 + (-5 - -5) + 6).
13
Calculate -14 - (-6 + -11 + -1 - -9) - -9.
4
Evaluate (34 - 27 - (1 - -8)) + (-26 - 1).
-29
Calculate (-4 - -4) + -3 - (-2 + -9) - 4.
4
Evaluate -8 + (-12 - (22 + -40)).
-2
What is the value of (-3 - (-6 + 7)) + -5 - -5 - -4?
0
-1 - (-4 + -11 + -4 + 10)
8
What is the value of 2 + 1 + -1 - (1 - (-13 + 8))?
-4
-12 + 6 + -20 + 19 - (0 + -42)
35
What is the value of -10 - (-7 + 7 + (-7 - 2))?
-1
What is the value of (-7 - 1) + -177 + 175?
-10
Evaluate -2 + (0 - 15) - ((-41 - -77) + -39).
-14
What is the value of 1 + 0 + -6 - -19?
14
What is the value of 4 - 15 - 4 - 5?
-20
-6 - 1 - ((0 - -8) + (-59 - -47))
-3
What is the value of -14 + 10 + 1 + (-6 - (-4 + 3))?
-8
What is -8 + (5 - -2) + 8?
7
What is the value of -31 + 1 - (-12 + 8 + (-7 - -8))?
-27
41 + -28 + (7 + 2 - 7)
15
What is -5 - (-7 - (-13 - -5))?
-6
What is the value of 4 + 9 + -27 - -15 - (-1 + -9)?
11
What is -81 + 55 - (-18 + 1)?
-9
Calculate -11 + (2 - (-9 + 14)).
-14
Evaluate -4 + 1 + (-59 + 7